{"id":1246,"date":"2025-07-07T18:22:58","date_gmt":"2025-07-07T18:22:58","guid":{"rendered":"https:\/\/puroparques.com.br\/?page_id=1246"},"modified":"2025-07-17T18:26:26","modified_gmt":"2025-07-17T21:26:26","slug":"escorregador-em-madeira","status":"publish","type":"page","link":"https:\/\/puroparques.com.br\/?page_id=1246","title":{"rendered":"Escorregador em Madeira"},"content":{"rendered":"<style>.wp-block-kadence-advancedheading.kt-adv-heading1246_5dde95-ca, .wp-block-kadence-advancedheading.kt-adv-heading1246_5dde95-ca[data-kb-block=\"kb-adv-heading1246_5dde95-ca\"]{padding-top:var(--global-kb-spacing-md, 2rem);padding-bottom:var(--global-kb-spacing-lg, 3rem);text-align:center;font-size:var(--global-kb-font-size-md, 1.25rem);font-weight:500;font-style:normal;font-family:Fredoka;text-transform:uppercase;text-shadow:2px 2px 1px rgba(0, 0, 0, 0.2);}.wp-block-kadence-advancedheading.kt-adv-heading1246_5dde95-ca mark.kt-highlight, .wp-block-kadence-advancedheading.kt-adv-heading1246_5dde95-ca[data-kb-block=\"kb-adv-heading1246_5dde95-ca\"] mark.kt-highlight{font-style:normal;color:#f76a0c;-webkit-box-decoration-break:clone;box-decoration-break:clone;padding-top:0px;padding-right:0px;padding-bottom:0px;padding-left:0px;}@media all and (max-width: 1024px){.wp-block-kadence-advancedheading.kt-adv-heading1246_5dde95-ca, .wp-block-kadence-advancedheading.kt-adv-heading1246_5dde95-ca[data-kb-block=\"kb-adv-heading1246_5dde95-ca\"]{text-shadow:2px 2px 1px rgba(0, 0, 0, 0.2);}}@media all and (max-width: 767px){.wp-block-kadence-advancedheading.kt-adv-heading1246_5dde95-ca, .wp-block-kadence-advancedheading.kt-adv-heading1246_5dde95-ca[data-kb-block=\"kb-adv-heading1246_5dde95-ca\"]{text-shadow:2px 2px 1px rgba(0, 0, 0, 0.2);}}<\/style>\n<p class=\"kt-adv-heading1246_5dde95-ca wp-block-kadence-advancedheading has-theme-palette-1-color has-text-color\" data-kb-block=\"kb-adv-heading1246_5dde95-ca\">puro parques playgrounds<\/p>\n\n\n\n<div class=\"wp-block-columns is-layout-flex wp-container-core-columns-is-layout-9d6595d7 wp-block-columns-is-layout-flex\">\n<div class=\"wp-block-column is-layout-flow wp-block-column-is-layout-flow\"><style>.wp-block-kadence-advancedgallery.kb-gallery-wrap-id-1246_44b852-37{margin-left:var(--global-kb-spacing-xl, 4rem);padding-left:0px;}.kb-gallery-id-1246_44b852-37 .kadence-blocks-gallery-item .kb-gal-image-radius, .kb-gallery-id-1246_44b852-37 .kb-slide-item .kb-gal-image-radius img{border-radius:0px 0px 0px 0px;;}.kb-gallery-wrap-id-1246_44b852-37.wp-block-kadence-advancedgallery{overflow:visible;}.kb-gallery-wrap-id-1246_44b852-37.wp-block-kadence-advancedgallery .kt-blocks-carousel{overflow:visible;}<\/style><div class=\"kb-gallery-wrap-id-1246_44b852-37 alignnone wp-block-kadence-advancedgallery\"><div class=\"kb-gallery-ul kb-gallery-non-static kb-gallery-type-slider kb-gallery-id-1246_44b852-37 kb-gallery-caption-style-bottom-hover kb-gallery-filter-none\" data-image-filter=\"none\" data-lightbox-caption=\"true\"><div class=\"kt-blocks-carousel kt-carousel-container-dotstyle-dark\"><div class=\"kt-blocks-carousel-init kb-blocks-slider kt-carousel-arrowstyle-whiteondark kt-carousel-dotstyle-dark kb-slider-group-arrow kb-slider-arrow-position-center\" data-slider-anim-speed=\"400\" data-slider-scroll=\"1\" data-slider-arrows=\"true\" data-slider-fade=\"true\" data-slider-dots=\"true\"data-slider-type=\"slider\"  data-slider-hover-pause=\"false\" data-slider-auto=\"\" data-slider-speed=\"7000\" data-show-pause-button=\"false\"><li class=\"kb-slide-item kb-gallery-slide-item\"><div class=\"kadence-blocks-gallery-item\"><div class=\"kadence-blocks-gallery-item-inner\"><figure class=\"kb-gallery-figure kadence-blocks-gallery-item-hide-caption\"><div class=\"kb-gal-image-radius\"><div class=\"kb-gallery-image-contain kadence-blocks-gallery-intrinsic kb-gallery-image-ratio-inherit kb-has-image-ratio-inherit\" ><img loading=\"lazy\" decoding=\"async\" src=\"https:\/\/puroparques.com.br\/wp-content\/uploads\/2025\/07\/Escorregador-de-Tronco.jpg\" width=\"535\" height=\"580\" alt=\"\" data-full-image=\"https:\/\/puroparques.com.br\/wp-content\/uploads\/2025\/07\/Escorregador-de-Tronco.jpg\" data-light-image=\"https:\/\/puroparques.com.br\/wp-content\/uploads\/2025\/07\/Escorregador-de-Tronco.jpg\" data-id=\"989\" class=\"wp-image-989 skip-lazy\" srcset=\"https:\/\/puroparques.com.br\/wp-content\/uploads\/2025\/07\/Escorregador-de-Tronco.jpg 535w, https:\/\/puroparques.com.br\/wp-content\/uploads\/2025\/07\/Escorregador-de-Tronco-277x300.jpg 277w\" sizes=\"auto, (max-width: 535px) 100vw, 535px\" \/><\/div><\/div><\/figure><\/div><\/div><\/li><li class=\"kb-slide-item kb-gallery-slide-item\"><div class=\"kadence-blocks-gallery-item\"><div class=\"kadence-blocks-gallery-item-inner\"><figure class=\"kb-gallery-figure kadence-blocks-gallery-item-hide-caption\"><div class=\"kb-gal-image-radius\"><div class=\"kb-gallery-image-contain kadence-blocks-gallery-intrinsic kb-gallery-image-ratio-inherit kb-has-image-ratio-inherit\" ><img loading=\"lazy\" decoding=\"async\" src=\"https:\/\/puroparques.com.br\/wp-content\/uploads\/2025\/07\/b49606cb-9a2a-4862-a03b-3fa13b6e145a-1024x768.jpg\" width=\"1024\" height=\"768\" alt=\"\" data-full-image=\"https:\/\/puroparques.com.br\/wp-content\/uploads\/2025\/07\/b49606cb-9a2a-4862-a03b-3fa13b6e145a.jpg\" data-light-image=\"https:\/\/puroparques.com.br\/wp-content\/uploads\/2025\/07\/b49606cb-9a2a-4862-a03b-3fa13b6e145a.jpg\" data-id=\"986\" class=\"wp-image-986 skip-lazy\" srcset=\"https:\/\/puroparques.com.br\/wp-content\/uploads\/2025\/07\/b49606cb-9a2a-4862-a03b-3fa13b6e145a-1024x768.jpg 1024w, https:\/\/puroparques.com.br\/wp-content\/uploads\/2025\/07\/b49606cb-9a2a-4862-a03b-3fa13b6e145a-300x225.jpg 300w, https:\/\/puroparques.com.br\/wp-content\/uploads\/2025\/07\/b49606cb-9a2a-4862-a03b-3fa13b6e145a-768x576.jpg 768w, https:\/\/puroparques.com.br\/wp-content\/uploads\/2025\/07\/b49606cb-9a2a-4862-a03b-3fa13b6e145a.jpg 1280w\" sizes=\"auto, (max-width: 1024px) 100vw, 1024px\" \/><\/div><\/div><\/figure><\/div><\/div><\/li><li class=\"kb-slide-item kb-gallery-slide-item\"><div class=\"kadence-blocks-gallery-item\"><div class=\"kadence-blocks-gallery-item-inner\"><figure class=\"kb-gallery-figure kadence-blocks-gallery-item-hide-caption\"><div class=\"kb-gal-image-radius\"><div class=\"kb-gallery-image-contain kadence-blocks-gallery-intrinsic kb-gallery-image-ratio-inherit kb-has-image-ratio-inherit\" ><img loading=\"lazy\" decoding=\"async\" src=\"https:\/\/puroparques.com.br\/wp-content\/uploads\/2025\/07\/1221f85a-553a-4127-8182-9fa4a1da9f96-768x1024.jpg\" width=\"768\" height=\"1024\" alt=\"\" data-full-image=\"https:\/\/puroparques.com.br\/wp-content\/uploads\/2025\/07\/1221f85a-553a-4127-8182-9fa4a1da9f96.jpg\" data-light-image=\"https:\/\/puroparques.com.br\/wp-content\/uploads\/2025\/07\/1221f85a-553a-4127-8182-9fa4a1da9f96.jpg\" data-id=\"985\" class=\"wp-image-985 skip-lazy\" srcset=\"https:\/\/puroparques.com.br\/wp-content\/uploads\/2025\/07\/1221f85a-553a-4127-8182-9fa4a1da9f96-768x1024.jpg 768w, https:\/\/puroparques.com.br\/wp-content\/uploads\/2025\/07\/1221f85a-553a-4127-8182-9fa4a1da9f96-225x300.jpg 225w, https:\/\/puroparques.com.br\/wp-content\/uploads\/2025\/07\/1221f85a-553a-4127-8182-9fa4a1da9f96.jpg 960w\" sizes=\"auto, (max-width: 768px) 100vw, 768px\" \/><\/div><\/div><\/figure><\/div><\/div><\/li><\/div><\/div><\/div><\/div><\/div>\n\n\n\n<div class=\"wp-block-column is-layout-flow wp-block-column-is-layout-flow\"><style>.wp-block-kadence-advancedheading.kt-adv-heading1246_8063eb-27, .wp-block-kadence-advancedheading.kt-adv-heading1246_8063eb-27[data-kb-block=\"kb-adv-heading1246_8063eb-27\"]{font-weight:500;font-style:normal;font-family:Fredoka;}.wp-block-kadence-advancedheading.kt-adv-heading1246_8063eb-27 mark.kt-highlight, .wp-block-kadence-advancedheading.kt-adv-heading1246_8063eb-27[data-kb-block=\"kb-adv-heading1246_8063eb-27\"] mark.kt-highlight{font-style:normal;color:#f76a0c;-webkit-box-decoration-break:clone;box-decoration-break:clone;padding-top:0px;padding-right:0px;padding-bottom:0px;padding-left:0px;}<\/style>\n<h2 class=\"kt-adv-heading1246_8063eb-27 wp-block-kadence-advancedheading has-theme-palette-1-color has-text-color\" data-kb-block=\"kb-adv-heading1246_8063eb-27\">Escorregador em Madeira<\/h2>\n\n\n<style>.wp-block-kadence-advancedheading.kt-adv-heading1246_2ad277-5b, .wp-block-kadence-advancedheading.kt-adv-heading1246_2ad277-5b[data-kb-block=\"kb-adv-heading1246_2ad277-5b\"]{max-width:600px;font-weight:400;font-style:normal;font-family:Questrial;}.wp-block-kadence-advancedheading.kt-adv-heading1246_2ad277-5b mark.kt-highlight, .wp-block-kadence-advancedheading.kt-adv-heading1246_2ad277-5b[data-kb-block=\"kb-adv-heading1246_2ad277-5b\"] mark.kt-highlight{font-style:normal;color:#f76a0c;-webkit-box-decoration-break:clone;box-decoration-break:clone;padding-top:0px;padding-right:0px;padding-bottom:0px;padding-left:0px;}<\/style>\n<p class=\"kt-adv-heading1246_2ad277-5b wp-block-kadence-advancedheading\" data-kb-block=\"kb-adv-heading1246_2ad277-5b\">Estrutura em tronco de eucalipto tratado em autoclave com acabamento em madeira de lei em ip\u00ea ou cumaru, unindo resist\u00eancia, deslizamento, qualidade e est\u00e9tica natural. <br><br><strong>Dimens\u00f5es:<\/strong> 3,00 m (comprimento) x 0,80 m (largura)<\/p>\n<\/div>\n<\/div>\n\n\n\n<div style=\"height:150px\" aria-hidden=\"true\" class=\"wp-block-spacer\"><\/div>\n","protected":false},"excerpt":{"rendered":"<p>puro parques playgrounds Escorregador em Madeira Estrutura em tronco de eucalipto tratado em autoclave com acabamento em madeira de lei em ip\u00ea ou cumaru, unindo resist\u00eancia, deslizamento, qualidade e est\u00e9tica natural. Dimens\u00f5es: 3,00 m (comprimento) x 0,80 m (largura)<\/p>\n","protected":false},"author":1,"featured_media":0,"parent":0,"menu_order":0,"comment_status":"closed","ping_status":"closed","template":"","meta":{"_kadence_starter_templates_imported_post":false,"_kad_post_transparent":"","_kad_post_title":"","_kad_post_layout":"","_kad_post_sidebar_id":"","_kad_post_content_style":"","_kad_post_vertical_padding":"","_kad_post_feature":"","_kad_post_feature_position":"","_kad_post_header":false,"_kad_post_footer":false,"footnotes":""},"class_list":["post-1246","page","type-page","status-publish","hentry"],"_links":{"self":[{"href":"https:\/\/puroparques.com.br\/index.php?rest_route=\/wp\/v2\/pages\/1246","targetHints":{"allow":["GET"]}}],"collection":[{"href":"https:\/\/puroparques.com.br\/index.php?rest_route=\/wp\/v2\/pages"}],"about":[{"href":"https:\/\/puroparques.com.br\/index.php?rest_route=\/wp\/v2\/types\/page"}],"author":[{"embeddable":true,"href":"https:\/\/puroparques.com.br\/index.php?rest_route=\/wp\/v2\/users\/1"}],"replies":[{"embeddable":true,"href":"https:\/\/puroparques.com.br\/index.php?rest_route=%2Fwp%2Fv2%2Fcomments&post=1246"}],"version-history":[{"count":3,"href":"https:\/\/puroparques.com.br\/index.php?rest_route=\/wp\/v2\/pages\/1246\/revisions"}],"predecessor-version":[{"id":1702,"href":"https:\/\/puroparques.com.br\/index.php?rest_route=\/wp\/v2\/pages\/1246\/revisions\/1702"}],"wp:attachment":[{"href":"https:\/\/puroparques.com.br\/index.php?rest_route=%2Fwp%2Fv2%2Fmedia&parent=1246"}],"curies":[{"name":"wp","href":"https:\/\/api.w.org\/{rel}","templated":true}]}}